76?
3
What is the units digit of 4982524?
4
What is the ten thousands digit of 2455202?
5
What is the thousands digit of 343731?
3
What is the hundreds digit of 1068455?
4
What is the tens digit of 523799?
9
What is the units digit of 2536367?
7
What is the ten thousands digit of 270310?
7
What is the hundred thousands digit of 5018791?
0
What is the thousands digit of 1221633?
1
What is the hundred thousands digit of 987035?
9
What is the ten thousands digit of 601532?
0
What is the units digit of 3624995?
5
What is the hundred thousands digit of 332123?
3
What is the thousands digit of 1614635?
4
What is the ten thousands digit of 82905?
8
What is the tens digit of 10748750?
5
What is the ten thousands digit of 5664551?
6
What is the hundred thousands digit of 27048301?
0
What is the hundreds digit of 1606408?
4
What is the millions digit of 1349636?
1
What is the ten thousands digit of 79336?
7
What is the tens digit of 693812?
1
What is the hundreds digit of 1028538?
5
What is the hundred thousands digit of 630418?
6
What is the units digit of 64869?
9
What is the ten thousands digit of 214617?
1
What is the units digit of 148327?
7
What is the hundreds digit of 984275?
2
What is the millions digit of 1801465?
1
What is the hundred thousands digit of 22937848?
9
What is the units digit of 437766?
6
What is the thousands digit of 182627?
2
What is the millions digit of 1781117?
1
What is the hundred thousands digit of 1366089?
3
What is the millions digit of 3437422?
3
What is the ten thousands digit of 804587?
0
What is the tens digit of 1224459?
5
What is the hundreds digit of 3527622?
6
What is the units digit of 3090577?
7
What is the ten millions digit of 14211477?
1
What is the thousands digit of 1165197?
5
What is the units digit of 1276969?
9
What is the hundred thousands digit of 22481154?
4
What is the thousands digit of 806911?
6
What is the ten thousands digit of 1038003?
3
What is the thousands digit of 5850872?
0
What is the hundreds digit of 110878?
8
What is the units digit of 14740074?
4
What is the ten thousands digit of 362353?
6
What is the millions digit of 4520422?
4
What is the ten thousands digit of 755184?
5
What is the tens digit of 12972340?
4
What is the millions digit of 1336292?
1
What is the ten thousands digit of 353186?
5
What is the units digit of 2494120?
0
What is the hundred thousands digit of 13165423?
1
What is the thousands digit of 11744366?
4
What is the thousands digit of 348988?
8
What is the hundreds digit of 11013662?
6
What is the millions digit of 3644230?
3
What is the thousands digit of 1927095?
7
What is the ten thousands digit of 266693?
6
What is the millions digit of 2793098?
2
What is the hundreds digit of 5466233?
2
What is the hundred thousands digit of 2258449?
2
What is the tens digit of 395084?
8
What is the hundred thousands digit of 11523819?
5
What is the tens digit of 5365581?
8
What is the tens digit of 8343375?
7
What is the thousands digit of 7258624?
8
What is the hundreds digit of 9940232?
2
What is the ten thousands digit of 17140726?
4
What is the ten millions digit of 26103461?
2
What is the ten thousands digit of 294251?
9
What is the hundred thousands digit of 339057?
3
What is the units digit of 384161?
1
What is the thousands digit of 3260200?
0
What is the ten thousands digit of 3683269?
8
What is the hundreds digit of 200591?
5
What is the millions digit of 29169414?
9
What is the ten thousands digit of 33812?
3
What is the millions digit of 5708622?
5
What is the tens digit of 3659837?
3
What is the tens digit of 247506?
0
What is the units digit of 643597?
7
What is the units digit of 495197?
7
What is the hundred thousands digit of 442975?
4
What is the units digit of 670664?
4
What is the units digit of 485519?
9
What is the ten thousands digit of 1160054?
6
What is the ten thousands digit of 490070?
9
What is the millions digit of 1066378?
1
What is the ten thousands digit of 1217781?
1
What is the hundreds digit of 369571?
5
What is the tens digit of 290512?
1
What is the thousands digit of 571223?
1
What is the hundred thousands digit of 354438?
3
What is the tens digit of 89033?
3
What is the thousands digit of 120050?
0
What is the hundred thousands digit of 4060158?
0
What is the hundreds digit of 551245?
2
What is the hundreds digit of 2087857?
8
What is the units digit of 225767?
7
What is the tens digit of 78319?
1
What is the tens digit of 449327?
2
What is the ten thousands digit of 22278284?
7
What is the hundreds digit of 14486611?
6
What is the hundred thousands digit of 14307143?
3
What is the hundreds digit of 33602?
6
What is the millions digit of 2487678?
2
What is the ten thousands digit of 11603380?
0
What is the thousands digit of 288660?
8
What is the hundreds digit of 11474874?
8
What is the hundreds digit of 314335?
3
What is the hundred thousands digit of 1606060?
6
What is the ten thousands digit of 12106181?
0
What is the tens digit of 451637?
3
What is the units digit of 1110?
0
What is the units digit of 3229574?
4
What is the units digit of 9232445?
5
What is the ten thousands digit of 37327?
3
What is the units digit of 920228?
8
What is the tens digit of 27355263?
6
What is the ten thousands digit of 6955360?
5
What is the ten thousands digit of 27734595?
3
What is the tens digit of 258681?
8
What is the hundreds digit of 585642?
6
What is the hundred thousands digit of 187003?
1
What is the tens digit of 3749088?
8
What is the units digit of 246015?
5
What is the tens digit of 54290?
9
What is the units digit of 7475963?
3
What is the hundreds digit of 797520?
5
What is the hundred thousands digit of 875444?
8
What is the ten thousands digit of 93357?
9
What is the hundred thousands digit of 305523?
3
What is the units digit of 520851?
1
What is the hundred thousands digit of 756192?
7
What is the hundreds digit of 23568610?
6
What is the thousands digit of 42908?
2
What is the millions digit of 17451778?
7
What is the hundred thousands digit of 778075?
7
What is the hundred thousands digit of 2163128?
1
What is the tens digit of 3095361?
6
What is the thousands digit of 1992211?
2
What is the millions digit of 16025911?
6
What is the hundred thousands digit of 2569637?
5
What is the hundreds digit of 6082200?
2
What is the hundreds digit of 3224218?
2
What is the ten thousands digit of 1204921?
0
What is the tens digit of 499270?
7
What is the hundred thousands digit of 1452349?
4
What is the hundreds digit of 411423?
4
What is the tens digit of 3158970?
7
What is the units digit of 197912?
2
What is the hundreds digit of 4666187?
1
What is the hundred thousands digit of 3054370?
0
What is the tens digit of 3795244?
4
What is the hundreds digit of 4387609?
6
What is the units digit of 3674310?
0
What is the hundreds digit of 33948?
9
What is the thousands digit of 2387303?
7
What is the ten thousands digit of 3204987?
0
What is the units digit of 52771?
1
What is the units digit of 115554?
4
What is the thousands digit of 9576458?
6
What is the units digit of 92239?
9
What is the hundreds digit of 9395081?
0
What is the units digit of 164955?
5
What is the ten millions digit of 14167128?
1
What is the ten thousands digit of 2911863?
1
What is the thousands digit of 9043261?
3
What is the millions digit of 1618117?
1
What is the hundreds digit of 254429?
4
What is the tens digit of 10297313?
1
What is the hundreds digit of 2655921?
9
What is the hundreds digit of 5158958?
9
What is the millions digit of 3250816?
3
What is the ten thousands digit of 465020?
6
What is the thousands digit of 94521?
4
What is the hundreds digit of 288702?
7
What is the tens digit of 2038093?
9
What is the hundred thousands digit of 399414?
3
What is the ten thousands digit of 58060?
5
What is the units digit of 125246?
6
What is the ten thousands digit of 364430?
6
What is the tens digit of 5624261?
6
What is the hundreds digit of 96990?
9
What is the ten thousands digit of 1160140?
6
What is the units digit of 2117?
7
What is the tens digit of 243253?
5
What is the units digit of 764746?
6
What is the thousands digit of 5938459?
8
What is the millions digit of 6448947?
6
What is the tens digit of 2082917?
1
What is the hundreds digit of 51453